6
What is 6 + 1 + -17 + 12?
2
Calculate 8 + -9 + 5 + -2.
2
What is 2 + (-12 - -17) + -9 + -2?
-4
0 + ((0 - 0) + -3 - 0)
-3
Evaluate (-7 - 2) + (-3 - -9).
-3
30 + -22 - (3 - -5)
0
-1 - 0 - (-1 - -4)
-4
Evaluate -8 + ((-3 - -2) + 1 - 1).
-9
Evaluate 15 - (-17 - -39) - (0 - 6).
-1
Evaluate 3 + 0 + (-2 - -3).
4
What is (1 + 4 - 0) + -4?
1
Calculate -12 + 6 + -4 - -11.
1
What is the value of (-4 - -16) + -5 + -3 + -10?
-6
-3 - (-9 + 8 + -12)
10
What is the value of 3 + (1 - -3) + (3 - 8)?
2
3 + (0 + -2 - 1 - -3)
3
Evaluate -4 + (-4 - -8 - 3).
-3
What is the value of 0 - ((-1 - -5) + 2)?
-6
Evaluate -6 - (1 + -5) - (-9 + 9).
-2
Evaluate (-3 - (-2 - -3)) + 1.
-3
What is 1 - (2 - 2) - 1?
0
-6 + 2 + 1 + 5
2
Calculate -5 + (4 + -3 - 2).
-6
6 - 1 - (150 + -153)
8
What is -4 + 0 - (-6 - -2)?
0
-3 + 4 + -2 + 2 + -4
-3
-4 + (1 - 10 - -11)
-2
Calculate 4 - ((-3 - (5 - 12)) + -11).
11
9 + -12 + 3 + 1 + -3
-2
What is the value of 29 + -12 - 1 - 11?
5
What is the value of 1 + -4 - (-19 - -13)?
3
Calculate -1 + 1 - (-6 - -7).
-1
8 + (3 + -2 - (0 - -4))
5
Evaluate -11 - (-10 - -16 - 14).
-3
(-2 - 5) + (6 - 3)
-4
0 - 0 - (5 + -1 + -4)
0
What is the value of (8 - 11) + 1 + 7?
5
Calculate -5 - (5 + -3 + -2 - 5).
0
Evaluate 1 + (8 - (-4 + 9)).
4
Evaluate -8 - (-5 + 1) - -8 - -1.
5
What is the value of (-15 - (-5 - 0) - -5) + 9?
4
What is the value of -14 + (5 - (1 - 5))?
-5
2 + -2 + 4 + (3 - 6)
1
Evaluate 6 + 4 + -2 + 5 + -9.
4
What is 0 + 2 + -8 - (0 + -5)?
-1
3 - 0 - (63 - 56)
-4
Evaluate -7 + (-1 - (0 + 9 + -8)).
-9
What is 1 - ((-5 - 1) + (0 - -4))?
3
What is the value of (-9 - -7) + -1 + 4?
1
What is the value of 4 - 11 - (-4 + 9 + -7)?
-5
Evaluate -33 + 36 + -9 + -2.
-8
Evaluate -1 + -6 - (7 + -8).
-6
1 + (0 - 2) + (1 - 3)
-3
What is the value of 0 - (1 - -1 - 0)?
-2
What is the value of -7 + 7 + (0 - (5 + -1))?
-4
Calculate 11 + -14 - ((3 - 3) + 4).
-7
What is the value of -2 - (4 + -5) - (-4 - 2)?
5
(-2 - (1 + -2)) + (-12 - -10)
-3
Evaluate 0 + 15 + (-227 - -205).
-7
Calculate -5 + -8 + 17 + 0.
4
Evaluate -1 + (2 - 0) + -1 + 1.
1
What is -2 + 5 + -5 + 6?
4
Calculate 3 + (0 - -4 - 10).
-3
What is the value of 0 - (-3 + -2 - 0) - 4?
1
Evaluate -4 + (-2 - -3) - (-3 - 0).
0
What is (-18 - 3 - (-19 - -15)) + 8?
-9
What is the value of -4 + 4 + -4 + 0?
-4
What is 9 + -1 + (20 - 31)?
-3
Evaluate -1 - -4 - (-3 + -1 + 2).
5
What is 21 + -21 - (-2 + 1 - -7)?
-6
What is the value of (5 - 4) + 1 + -1?
1
What is 1 - (3 + 2) - (7 - 17)?
6
What is 8 + -2 + (0 - 3)?
3
What is the value of -1 + 7 + -10 + 9?
5
Evaluate 9 + -1 + 8 + -13.
3
What is the value of (-11 - -5) + (11 - 11)?
-6
What is -6 + -1 + 13 + (-2 - 11)?
-7
Calculate -6 + (16 + -8 - 8).
-6
What is 3 + 0 + 4 + -10?
-3
Evaluate (-5 - (8 - 27 - -1)) + -2.
11
Calculate -12 - (-10 - (13 - 5)).
6
Calculate 7 - (0 + (6 - (6 + -5))).
2
16 + (2 - 9) - 12
-3
Evaluate (-6 - (6 + -8)) + -2.
-6
What is the value of 6 - (2 + -5 + -5 + 9)?
5
-2 + 16 - (2 - -6)
6
Calculate -5 + (11 - (20 + -11)).
-3
1 + (-1 - 2) - (85 - 81)
-6
What is the value of 2 - (2 - 4) - 2?
2
Evaluate (-2 - -4) + 0 + -1.
1
Calculate -10 + 9 + (11 - 1).
9
Evaluate 7 + 0 + 1 + -4.
4
-4 + (3 - ((14 - 5) + -5))
-5
(8 + -2 - (2 - 0)) + 0
4
1 + -8 - (1 + -4)
-4
What is 3 + -3 + 0 + 0 + 5?
5
Evaluate 1 - (-3 + (-1 - -2 - -5)).
-2
Calculate (-9 + 8 - 1) + -3 + 1.
-4
Evaluate 4 - 0 - (10 + (3 - 9)).
0
Calculate 2 + 1 + -8 + -14 + 10.
-9
6 + (-5 - -6 - 5)
2
What is -14 - (3 - 6 - (5 - 2))?
-8
5 + -11 + 7 - 8
-7
What is the value of (-1 - 0) + -6 - (-64 + 66)?
-9
0 + 10 + -6 + 0
4
(-2 - (-1 + 0)) + (-8 - -6)
-3
Calculate 6 - (0 - (-2 - (2 - 2))).
4
Evaluate (0 - 1) + 0 - (-5 - -9).
-5
Calculate (-28 - -27) + (0 - 1).
-2
Evaluate (-1 - -2) + 3 + -2 + -1.
1
What is -2 + 3 + -2 + 3 + 0?
2
Calculate -2 - (3 + 0) - -2 - 1.
-4
Calculate 8 + -1 + -1 + -2.
4
Calculate (7 + -7 - 5) + 2 + 0.
-3
Evaluate (-2 - 2) + (0 - 0 - -3).
-1
Calculate 7 + -2 - (12 - 11).
4
What is 1 + 2 - (15 + -15)?
3
What is 0 - (1 - 2) - (4 - -2)?
-5
4 - (-6 + 6 - -2)
2
Evaluate (-11 - 1) + 14 - 7.
-5
Evaluate -5 - 2 - (-4 + 1) - 0.
-4
What is the value of (-2 + -4 - (7 + 0)) + 6?
-7
Evaluate -16 + 17 + 1 + 0.
2
-3 + 7 + -6 + 0 + 3
1
Evaluate 0 + (-2 - 1) + 1 + 5.
3
Calculate -10 - (1 + (-1 - 2)).
-8
What is 23 + -16 + (1 + -3 - -1)?
6
What is -1 + (-4 + 9 - 0) + 2?
6
2 + 1 + -5 + (2 - 1)
-1
What is the value of (10 - 5 - -3) + -4 + -6?
-2
Calculate 2 + (1 - (3 + 3)).
-3
Calculate (5 - (5 - 4)) + -3 - 3.
-2
Evaluate -6 + (11 - (-5 + 8)).
2
What is the value of -3 + 3 + -7 + 7?
0
(-6 + 7 - -7) + -9
-1
Calculate -12 - (-9 - (-3 - -4)).
-2
(0 - 1) + -34 + 31
-4
0 + 1 + 2 - (8 + -6)
1
What is the value of 4 + 1 + (0 - 3) + -1?
1
Calculate -8 + 1 - (13 - 16).
-4
What is the value of -5 + 8 + (-4 - -3 - -2)?
4
Evaluate (-2 - (0 + -1)) + 0.
-1
What is (-1 - 6) + 6 - (-6 + 0)?
5
Evaluate 4 - ((-8 - -7) + (4 - 2)).
3
What is 6 + -12 + 6 + 0?
0
2 - (-4 + 9) - 0 - -4
1
-1 + (-3 - -1) + 1 + 4
2
What is 1 + (0 - 2 - -4) + 5?
8
Evaluate 5 + (3 - 5) - (-2 - -3).
2
6 - 3 - (7 - (16 + -5))
7
What is the value of 7 + -11 + 3 + 4?
3
Evaluate 3 - ((-1 - -3) + -5).
6
Evaluate -3 - 2 - (-1 - 3) - -2.
1
What is 1 - (1 + 3 + 0 + 1)?
-4
What is -6 - -4 - ((-1 - -3) + 1)?
-5
Evaluate 8 + -5 + -1 + 2.
4
Calculate (4 - 1 - 14) + 1.
-10
Calculate -5 - 3 - (0 + -4).
-4
What is the value of -6 - (6 - (-7 + 4 - -9))?
-6
Calculate 6 + (-12 + 11 - (-1 - -4)).
2
Evaluate -15 - (15 + -12) - -11.
-7
Calculate (1 - -5) + -10 + 7 + -5.
-2
What is the value of -10 - (-1 + 5 - 4)?
-10
What is 0 - 3 - (-11 - -13)?
-5
-3 - (-3 - -3 - 4)
1
What is -4 + 1 + 2 - (3 + -6)?
2
Calculate (7 - (16 - 0)) + 4.
-5
Calculate -5 - (-4 + (3 + 1 - 3)).
-2
What is 9 + 2 + 28 + -37?
2
What is 1 + (-2 - (0 + 4 + -1))?
-4
Calculate -6 - (-1 + -4 - -2) - 3.
-6
-1 + (-6 - (-11 + 1))
3
Evaluate -7 + 5 + -9 + 4 + 6.
-1
-1 + 6 + -7 + 24 + -17
5
What is the value of 4 - -2 - (6 - (-3 - -8))?
5
What is (37 - 39) + 1 + -3?
-4
What is 5 - 3 - (4 + 1 + -1)?
-2
Evaluate 1 - (-1 + 2 - -1).
-1
What is the value of (4 - -5 - 5) + -1 + -4?
-1
What is 3 + (-5 - -6 - (1 + -2))?
5
What is the value of 9 - 4 - (2 + -5 - -4)?
4
Evaluate 36 + -30 + -1 + (4 - 16).
-7
Calculate (-1 - (1 - 0)) + (5 - 1).
2
(-5 - (-5 - 15)) + -15
0
Calculate -11 + (4 - (15 + -11)).
-11
What is the value of 14 + -12 - (0 + 0)?
2
Calculate 1 - (-3 - (4 + 0 + -4)).
4
What is -10 + 1 - (-9 - -6)?
-6
Calculate 1 + 6 + 1 + -4 + -1.
3
Evaluate 4 + 4 + -6 + -7 - -1.
-4
What is -2 + 2 - ((7 - -4) + -7)?
-4
What is 2 - 5 - (31 - 29)?
-5
Calculate (-8 - -2) + 0 + (3 - 0).
-3
What is the value of -1 + (0 - -1) + (-1 - 2)?
-3
What is the value of 3 - 0 - 0 - 0 - 2?
1
What is the value of (-12 - -16) + -2 - -7?
9
What is -1 + (-1 - (-6 - -3)) + -7?
-6
Evaluate 5 + (9 - (15 + -7)).
6
Evaluate (11 - 13) + 0 + -7.
-9
Calculate (-1 - -2) + -3 + -3 + 3.
-2
Calculate (-4 - (4 - 2)) + 3.
-3
17 + -15 + -5 + 3 + -1
-1
What is the value of (3 - 1) + (-9 - -5) + 4?
2
Evaluate -5 + -1 - (-15 - -6).
3
1 + 1 + -2 + -1
-1
What is -1 - (-4 + (-7 - (-10 + -5)))?
-5
What is the value of (-4 - -4) + 1 - (-5 + 8)?
-2
What is 2 + 5 + 1 - (155 + -153)?
6
What is the value of (7 + -4 - 11) + 6?
-2
Evaluate 1 - (1 + (-3 - (-2 - 2))).
-1
What is the value of (-2 - -1) + (-38 - -36)?
-3
(-8 - (-2 + 0)) + 8
2
(-19 - (14 + -22)) + 6
-5
3 - (3 - (4 + 0))
4
Calculate 0 - 1 - ((3 - 0) + -5).
1
What is 75 + -64 - (16 + -3)?
-2
What is -2 + (-5 - -4) + 7 - -2?
6
Calculate (0 - -17) + (2 - 12).
7
18 + -6 + -12 - (-9 - 0)
9
What is -3 - (3 + -9 - -8)?
-5
-1 - (-3 + 6 - 1)
-3
Evaluate 2 + 2 - (-80 - -83).
1
What is 0 + (7 - (12 + -5))?
0
Evaluate 11 + (-1 - -11 - 12).
9
Calculate -5 + 1 - (4 - 6).
-2
What is the value of 0 + -14 + (-56 - -65)?
-5
What is the value of -8 - (-16 + 9 - 2)?
1
-5 - 0 - (-79 - -82)
-8
8 + (2 + -6 - (-20 - -19))
5
What is the value of 1 - (-7 - 0) - (2 + 2)?
4
Calculate -1 - 4 - (-3 + 2 + -3).
-1
Calculate 1 - (-1 + 3 - -3 - 3).
-1
Calculate 17 + -23 - (-7 - 0).
1
Calculate (0 - 2) + (-101 - -97).
-6
Evaluate (14 - 3) + -1 - (14 + -11).
7
Calculate -1 + 3 + (-10 - -7) + 2.
1
0 - 16 - (4 + -12)
-8
Calculate -1 - -2 - 1 - (81 + -85).
4
What is 4 + (3 - (4 + (-3 - -11)))?
-5
24 + -18 + 1 + -5
2
What is -5 + 2 + -2 + 4?
-1